{"id":36,"date":"2025-08-14T13:09:04","date_gmt":"2025-08-14T13:09:04","guid":{"rendered":"https:\/\/boutique-cobalt.fr\/?page_id=36"},"modified":"2026-02-06T16:37:55","modified_gmt":"2026-02-06T16:37:55","slug":"accessoires-de-mode","status":"publish","type":"page","link":"https:\/\/boutique-cobalt.fr\/?page_id=36","title":{"rendered":"Accessoires de mode"},"content":{"rendered":"\t\t<div data-elementor-type=\"wp-page\" data-elementor-id=\"36\" class=\"elementor elementor-36\">\n\t\t\t\t<div class=\"elementor-element elementor-element-8e8e3dc e-flex e-con-boxed e-con e-parent\" data-id=\"8e8e3dc\" data-element_type=\"container\">\n\t\t\t\t\t<div class=\"e-con-inner\">\n\t\t\t\t<div class=\"elementor-element elementor-element-e0f0a73 elementor-widget elementor-widget-heading\" data-id=\"e0f0a73\" data-element_type=\"widget\" data-widget_type=\"heading.default\">\n\t\t\t\t<div class=\"elementor-widget-container\">\n\t\t\t\t\t<h2 class=\"elementor-heading-title elementor-size-default\">D\u00e9couvrez nos accessoires de mode artisanaux\n<\/h2>\t\t\t\t<\/div>\n\t\t\t\t<\/div>\n\t\t\t\t\t<\/div>\n\t\t\t\t<\/div>\n\t\t<div class=\"elementor-element elementor-element-29a5064 e-flex e-con-boxed e-con e-parent\" data-id=\"29a5064\" data-element_type=\"container\">\n\t\t\t\t\t<div class=\"e-con-inner\">\n\t\t\t\t<div class=\"elementor-element elementor-element-92bfe21 elementor-widget elementor-widget-text-editor\" data-id=\"92bfe21\" data-element_type=\"widget\" data-widget_type=\"text-editor.default\">\n\t\t\t\t<div class=\"elementor-widget-container\">\n\t\t\t\t\t\t\t\t\t<p>Que ce soit pour soi-m\u00eame en coup de c\u0153ur ou pour d\u00e9nicher un cadeau original \u00e0 Lyon, vous trouverez dans notre boutique plusieurs types d\u2019accessoires de mode artisanaux. <br \/>Nous avons s\u00e9lectionn\u00e9 avec soin des marques qui allient savoir-faire artisanal et cr\u00e9ativit\u00e9.\u00a0<br \/>Parmi elles, nous vous pr\u00e9sentons trois p\u00e9pites : Zig Zagathe, Atelier Fringant et Hermanitas.\u00a0<\/p>\t\t\t\t\t\t\t\t<\/div>\n\t\t\t\t<\/div>\n\t\t\t\t\t<\/div>\n\t\t\t\t<\/div>\n\t\t<div class=\"elementor-element elementor-element-cac27e4 e-flex e-con-boxed e-con e-parent\" data-id=\"cac27e4\" data-element_type=\"container\">\n\t\t\t\t\t<div class=\"e-con-inner\">\n\t\t<div class=\"elementor-element elementor-element-8f314b4 e-con-full e-flex e-con e-child\" data-id=\"8f314b4\" data-element_type=\"container\">\n\t\t\t\t<div class=\"elementor-element elementor-element-0d970fe elementor-widget elementor-widget-heading\" data-id=\"0d970fe\" data-element_type=\"widget\" data-widget_type=\"heading.default\">\n\t\t\t\t<div class=\"elementor-widget-container\">\n\t\t\t\t\t<h2 class=\"elementor-heading-title elementor-size-default\">ZIG ZAGATHE<\/h2>\t\t\t\t<\/div>\n\t\t\t\t<\/div>\n\t\t\t\t<div class=\"elementor-element elementor-element-30ea67a elementor-widget elementor-widget-text-editor\" data-id=\"30ea67a\" data-element_type=\"widget\" data-widget_type=\"text-editor.default\">\n\t\t\t\t<div class=\"elementor-widget-container\">\n\t\t\t\t\t\t\t\t\t<p>Zig Zagathe est une marque cr\u00e9\u00e9e par Agathe en 2019 (?). Elle se distingue gr\u00e2ce au choix de ses tissus ainsi que des formes de sacs qu\u2019elle propose, toujours dans un souci de commodit\u00e9 au quotidien.\u00a0<\/p><p>Les tissus utilis\u00e9s sont \u201cupcycl\u00e9s\u201d, et proviennent des fins de collection de tisseurs de la r\u00e9gion lyonnaise. Les associations de couleurs sont uniques.\u00a0<\/p><p>C\u2019est avec plaisir qu\u2019Agathe confectionne sur-mesure le sac ou la pochette de votre choix parmi ses tissus disponibles. Pour ce faire, venez en boutique rencontrer notre expatri\u00e9e toulousaine. Elle est pr\u00e9sente environ 2 fois par mois, appelez-nous pour conna\u00eetre ses jours de permanence.\u00a0<\/p>\t\t\t\t\t\t\t\t<\/div>\n\t\t\t\t<\/div>\n\t\t\t\t<div class=\"elementor-element elementor-element-d993741 elementor-widget elementor-widget-button\" data-id=\"d993741\" data-element_type=\"widget\" data-widget_type=\"button.default\">\n\t\t\t\t<div class=\"elementor-widget-container\">\n\t\t\t\t\t\t\t\t\t<div class=\"elementor-button-wrapper\">\n\t\t\t\t\t<a class=\"elementor-button elementor-button-link elementor-size-sm\" href=\"#\">\n\t\t\t\t\t\t<span class=\"elementor-button-content-wrapper\">\n\t\t\t\t\t\t\t\t\t<span class=\"elementor-button-text\">En d\u00e9couvrir plus<\/span>\n\t\t\t\t\t<\/span>\n\t\t\t\t\t<\/a>\n\t\t\t\t<\/div>\n\t\t\t\t\t\t\t\t<\/div>\n\t\t\t\t<\/div>\n\t\t\t\t<\/div>\n\t\t<div class=\"elementor-element elementor-element-e2d05e7 e-con-full e-flex e-con e-child\" data-id=\"e2d05e7\" data-element_type=\"container\">\n\t\t\t\t<div class=\"elementor-element elementor-element-0c7deb8 elementor-widget elementor-widget-image\" data-id=\"0c7deb8\" data-element_type=\"widget\" data-widget_type=\"image.default\">\n\t\t\t\t<div class=\"elementor-widget-container\">\n\t\t\t\t\t\t\t\t\t\t\t\t\t\t\t<img decoding=\"async\" src=\"https:\/\/boutique-cobalt.fr\/wp-content\/plugins\/elementor\/assets\/images\/placeholder.png\" title=\"\" alt=\"\" loading=\"lazy\" \/>\t\t\t\t\t\t\t\t\t\t\t\t\t\t\t<\/div>\n\t\t\t\t<\/div>\n\t\t\t\t<\/div>\n\t\t\t\t\t<\/div>\n\t\t\t\t<\/div>\n\t\t<div class=\"elementor-element elementor-element-636de0b e-flex e-con-boxed e-con e-parent\" data-id=\"636de0b\" data-element_type=\"container\">\n\t\t\t\t\t<div class=\"e-con-inner\">\n\t\t<div class=\"elementor-element elementor-element-ca1e6b9 e-con-full e-flex e-con e-child\" data-id=\"ca1e6b9\" data-element_type=\"container\">\n\t\t\t\t<div class=\"elementor-element elementor-element-0762c81 elementor-widget elementor-widget-image\" data-id=\"0762c81\" data-element_type=\"widget\" data-widget_type=\"image.default\">\n\t\t\t\t<div class=\"elementor-widget-container\">\n\t\t\t\t\t\t\t\t\t\t\t\t\t\t\t<img decoding=\"async\" src=\"https:\/\/boutique-cobalt.fr\/wp-content\/plugins\/elementor\/assets\/images\/placeholder.png\" title=\"\" alt=\"\" loading=\"lazy\" \/>\t\t\t\t\t\t\t\t\t\t\t\t\t\t\t<\/div>\n\t\t\t\t<\/div>\n\t\t\t\t<\/div>\n\t\t<div class=\"elementor-element elementor-element-5db311e e-con-full e-flex e-con e-child\" data-id=\"5db311e\" data-element_type=\"container\">\n\t\t\t\t<div class=\"elementor-element elementor-element-9ae5e84 elementor-widget elementor-widget-heading\" data-id=\"9ae5e84\" data-element_type=\"widget\" data-widget_type=\"heading.default\">\n\t\t\t\t<div class=\"elementor-widget-container\">\n\t\t\t\t\t<h2 class=\"elementor-heading-title elementor-size-default\">HERMANITAS<\/h2>\t\t\t\t<\/div>\n\t\t\t\t<\/div>\n\t\t\t\t<div class=\"elementor-element elementor-element-8605603 elementor-widget elementor-widget-text-editor\" data-id=\"8605603\" data-element_type=\"widget\" data-widget_type=\"text-editor.default\">\n\t\t\t\t<div class=\"elementor-widget-container\">\n\t\t\t\t\t\t\t\t\t<p>Louise de la marque \u201cHermanitas\u201d propose des cr\u00e9ations cousues aux motifs vari\u00e9s. En hiver, place aux mitaines et bandeaux en laine m\u00e9rinos (chaud, doux, isolant et respirant \u00e0 la fois !) qu\u2019elle tricote \u00e0 la machine en domptant sa superbe XXX (nom de la machine).\u00a0<br \/>En \u00e9t\u00e9 ce sont les headbands en tissu arm\u00e9 qui viennent orner votre t\u00eate.\u00a0<\/p><p>Ajoutons \u00e9galement un large choix de chouchoux toute l\u2019ann\u00e9e.\u00a0<\/p><p>Pour les voyageurs, d\u00e9couvrez le porte-savon nomade : une pochette nid d\u2019abeille pour transporter votre savon solide. Un chouette cadeau aussi !<\/p>\t\t\t\t\t\t\t\t<\/div>\n\t\t\t\t<\/div>\n\t\t\t\t<div class=\"elementor-element elementor-element-7e7e2fe elementor-widget elementor-widget-button\" data-id=\"7e7e2fe\" data-element_type=\"widget\" data-widget_type=\"button.default\">\n\t\t\t\t<div class=\"elementor-widget-container\">\n\t\t\t\t\t\t\t\t\t<div class=\"elementor-button-wrapper\">\n\t\t\t\t\t<a class=\"elementor-button elementor-button-link elementor-size-sm\" href=\"#\">\n\t\t\t\t\t\t<span class=\"elementor-button-content-wrapper\">\n\t\t\t\t\t\t\t\t\t<span class=\"elementor-button-text\">En savoir plus<\/span>\n\t\t\t\t\t<\/span>\n\t\t\t\t\t<\/a>\n\t\t\t\t<\/div>\n\t\t\t\t\t\t\t\t<\/div>\n\t\t\t\t<\/div>\n\t\t\t\t<\/div>\n\t\t\t\t\t<\/div>\n\t\t\t\t<\/div>\n\t\t<div class=\"elementor-element elementor-element-7baa51a e-flex e-con-boxed e-con e-parent\" data-id=\"7baa51a\" data-element_type=\"container\">\n\t\t\t\t\t<div class=\"e-con-inner\">\n\t\t<div class=\"elementor-element elementor-element-65098c8 e-con-full e-flex e-con e-child\" data-id=\"65098c8\" data-element_type=\"container\">\n\t\t\t\t<div class=\"elementor-element elementor-element-3a31ce4 elementor-widget elementor-widget-heading\" data-id=\"3a31ce4\" data-element_type=\"widget\" data-widget_type=\"heading.default\">\n\t\t\t\t<div class=\"elementor-widget-container\">\n\t\t\t\t\t<h2 class=\"elementor-heading-title elementor-size-default\">ATELIER FRINGANT<\/h2>\t\t\t\t<\/div>\n\t\t\t\t<\/div>\n\t\t\t\t<div class=\"elementor-element elementor-element-5f3013a elementor-widget elementor-widget-text-editor\" data-id=\"5f3013a\" data-element_type=\"widget\" data-widget_type=\"text-editor.default\">\n\t\t\t\t<div class=\"elementor-widget-container\">\n\t\t\t\t\t\t\t\t\t<p>La marque Atelier Fringant, cr\u00e9\u00e9e par Marl\u00e8ne, est synonyme de maroquinerie color\u00e9e et \u00e9l\u00e9gante.\u00a0<\/p><p>Avec des cr\u00e9ations alliant utilit\u00e9 et glamour (on aime ses cuirs rose paillet\u00e9 !), Marl\u00e8ne vous propose une maroquinerie color\u00e9e et s\u00e9rigraphi\u00e9e de motifs uniques et dor\u00e9s. Depuis trois ans, Atelier Fringant enchante notre boutique avec ses mod\u00e8les vari\u00e9s : portefeuilles, pochettes, porte-cartes et porte-monnaies sont au rendez-vous.\u00a0<\/p>\t\t\t\t\t\t\t\t<\/div>\n\t\t\t\t<\/div>\n\t\t\t\t<div class=\"elementor-element elementor-element-0a6a3d8 elementor-widget elementor-widget-button\" data-id=\"0a6a3d8\" data-element_type=\"widget\" data-widget_type=\"button.default\">\n\t\t\t\t<div class=\"elementor-widget-container\">\n\t\t\t\t\t\t\t\t\t<div class=\"elementor-button-wrapper\">\n\t\t\t\t\t<a class=\"elementor-button elementor-button-link elementor-size-sm\" href=\"#\">\n\t\t\t\t\t\t<span class=\"elementor-button-content-wrapper\">\n\t\t\t\t\t\t\t\t\t<span class=\"elementor-button-text\">En d\u00e9couvrir plus<\/span>\n\t\t\t\t\t<\/span>\n\t\t\t\t\t<\/a>\n\t\t\t\t<\/div>\n\t\t\t\t\t\t\t\t<\/div>\n\t\t\t\t<\/div>\n\t\t\t\t<\/div>\n\t\t<div class=\"elementor-element elementor-element-5f3edec e-con-full e-flex e-con e-child\" data-id=\"5f3edec\" data-element_type=\"container\">\n\t\t\t\t<div class=\"elementor-element elementor-element-6fab55e elementor-widget elementor-widget-image\" data-id=\"6fab55e\" data-element_type=\"widget\" data-widget_type=\"image.default\">\n\t\t\t\t<div class=\"elementor-widget-container\">\n\t\t\t\t\t\t\t\t\t\t\t\t\t\t\t<img decoding=\"async\" src=\"https:\/\/boutique-cobalt.fr\/wp-content\/plugins\/elementor\/assets\/images\/placeholder.png\" title=\"\" alt=\"\" loading=\"lazy\" \/>\t\t\t\t\t\t\t\t\t\t\t\t\t\t\t<\/div>\n\t\t\t\t<\/div>\n\t\t\t\t<\/div>\n\t\t\t\t\t<\/div>\n\t\t\t\t<\/div>\n\t\t\t\t<\/div>\n\t\t","protected":false},"excerpt":{"rendered":"<p>D\u00e9couvrez nos accessoires de mode artisanaux Que ce soit pour soi-m\u00eame en coup de c\u0153ur ou pour d\u00e9nicher un cadeau original \u00e0 Lyon, vous trouverez dans notre boutique plusieurs types d\u2019accessoires de mode artisanaux. Nous avons s\u00e9lectionn\u00e9 avec soin des marques qui allient savoir-faire artisanal et cr\u00e9ativit\u00e9.\u00a0Parmi elles, nous vous pr\u00e9sentons trois p\u00e9pites : Zig [&hellip;]<\/p>\n","protected":false},"author":1,"featured_media":0,"parent":0,"menu_order":0,"comment_status":"closed","ping_status":"closed","template":"","meta":{"footnotes":""},"class_list":["post-36","page","type-page","status-publish","hentry","entry"],"yoast_head":"<!-- This site is optimized with the Yoast SEO plugin v25.7 - https:\/\/yoast.com\/wordpress\/plugins\/seo\/ -->\n<title>Accessoires de mode -<\/title>\n<meta name=\"description\" content=\"Boutique d&#039;accessoires de mode \u00e0 Lyon, d\u00e9couvrez sacs, maroquinerie, accessoires textiles cheveux, couleurs et bonne humeur au rendez-vous !\" \/>\n<meta name=\"robots\" content=\"index, follow, max-snippet:-1, max-image-preview:large, max-video-preview:-1\" \/>\n<link rel=\"canonical\" href=\"https:\/\/boutique-cobalt.fr\/?page_id=36\" \/>\n<meta property=\"og:locale\" content=\"fr_FR\" \/>\n<meta property=\"og:type\" content=\"article\" \/>\n<meta property=\"og:title\" content=\"Accessoires de mode -\" \/>\n<meta property=\"og:description\" content=\"Boutique d&#039;accessoires de mode \u00e0 Lyon, d\u00e9couvrez sacs, maroquinerie, accessoires textiles cheveux, couleurs et bonne humeur au rendez-vous !\" \/>\n<meta property=\"og:url\" content=\"https:\/\/boutique-cobalt.fr\/?page_id=36\" \/>\n<meta property=\"article:modified_time\" content=\"2026-02-06T16:37:55+00:00\" \/>\n<meta property=\"og:image\" content=\"https:\/\/boutique-cobalt.fr\/wp-content\/plugins\/elementor\/assets\/images\/placeholder.png\" \/>\n<meta name=\"twitter:card\" content=\"summary_large_image\" \/>\n<meta name=\"twitter:label1\" content=\"Dur\u00e9e de lecture estim\u00e9e\" \/>\n\t<meta name=\"twitter:data1\" content=\"3 minutes\" \/>\n<script type=\"application\/ld+json\" class=\"yoast-schema-graph\">{\"@context\":\"https:\/\/schema.org\",\"@graph\":[{\"@type\":\"WebPage\",\"@id\":\"https:\/\/boutique-cobalt.fr\/?page_id=36\",\"url\":\"https:\/\/boutique-cobalt.fr\/?page_id=36\",\"name\":\"Accessoires de mode -\",\"isPartOf\":{\"@id\":\"https:\/\/boutique-cobalt.fr\/#website\"},\"primaryImageOfPage\":{\"@id\":\"https:\/\/boutique-cobalt.fr\/?page_id=36#primaryimage\"},\"image\":{\"@id\":\"https:\/\/boutique-cobalt.fr\/?page_id=36#primaryimage\"},\"thumbnailUrl\":\"https:\/\/boutique-cobalt.fr\/wp-content\/plugins\/elementor\/assets\/images\/placeholder.png\",\"datePublished\":\"2025-08-14T13:09:04+00:00\",\"dateModified\":\"2026-02-06T16:37:55+00:00\",\"description\":\"Boutique d'accessoires de mode \u00e0 Lyon, d\u00e9couvrez sacs, maroquinerie, accessoires textiles cheveux, couleurs et bonne humeur au rendez-vous !\",\"breadcrumb\":{\"@id\":\"https:\/\/boutique-cobalt.fr\/?page_id=36#breadcrumb\"},\"inLanguage\":\"fr-FR\",\"potentialAction\":[{\"@type\":\"ReadAction\",\"target\":[\"https:\/\/boutique-cobalt.fr\/?page_id=36\"]}]},{\"@type\":\"ImageObject\",\"inLanguage\":\"fr-FR\",\"@id\":\"https:\/\/boutique-cobalt.fr\/?page_id=36#primaryimage\",\"url\":\"https:\/\/boutique-cobalt.fr\/wp-content\/plugins\/elementor\/assets\/images\/placeholder.png\",\"contentUrl\":\"https:\/\/boutique-cobalt.fr\/wp-content\/plugins\/elementor\/assets\/images\/placeholder.png\"},{\"@type\":\"BreadcrumbList\",\"@id\":\"https:\/\/boutique-cobalt.fr\/?page_id=36#breadcrumb\",\"itemListElement\":[{\"@type\":\"ListItem\",\"position\":1,\"name\":\"Accueil\",\"item\":\"https:\/\/boutique-cobalt.fr\/\"},{\"@type\":\"ListItem\",\"position\":2,\"name\":\"Accessoires de mode\"}]},{\"@type\":\"WebSite\",\"@id\":\"https:\/\/boutique-cobalt.fr\/#website\",\"url\":\"https:\/\/boutique-cobalt.fr\/\",\"name\":\"\",\"description\":\"\",\"potentialAction\":[{\"@type\":\"SearchAction\",\"target\":{\"@type\":\"EntryPoint\",\"urlTemplate\":\"https:\/\/boutique-cobalt.fr\/?s={search_term_string}\"},\"query-input\":{\"@type\":\"PropertyValueSpecification\",\"valueRequired\":true,\"valueName\":\"search_term_string\"}}],\"inLanguage\":\"fr-FR\"}]}<\/script>\n<!-- \/ Yoast SEO plugin. -->","yoast_head_json":{"title":"Accessoires de mode -","description":"Boutique d'accessoires de mode \u00e0 Lyon, d\u00e9couvrez sacs, maroquinerie, accessoires textiles cheveux, couleurs et bonne humeur au rendez-vous !","robots":{"index":"index","follow":"follow","max-snippet":"max-snippet:-1","max-image-preview":"max-image-preview:large","max-video-preview":"max-video-preview:-1"},"canonical":"https:\/\/boutique-cobalt.fr\/?page_id=36","og_locale":"fr_FR","og_type":"article","og_title":"Accessoires de mode -","og_description":"Boutique d'accessoires de mode \u00e0 Lyon, d\u00e9couvrez sacs, maroquinerie, accessoires textiles cheveux, couleurs et bonne humeur au rendez-vous !","og_url":"https:\/\/boutique-cobalt.fr\/?page_id=36","article_modified_time":"2026-02-06T16:37:55+00:00","og_image":[{"url":"https:\/\/boutique-cobalt.fr\/wp-content\/plugins\/elementor\/assets\/images\/placeholder.png","type":"","width":"","height":""}],"twitter_card":"summary_large_image","twitter_misc":{"Dur\u00e9e de lecture estim\u00e9e":"3 minutes"},"schema":{"@context":"https:\/\/schema.org","@graph":[{"@type":"WebPage","@id":"https:\/\/boutique-cobalt.fr\/?page_id=36","url":"https:\/\/boutique-cobalt.fr\/?page_id=36","name":"Accessoires de mode -","isPartOf":{"@id":"https:\/\/boutique-cobalt.fr\/#website"},"primaryImageOfPage":{"@id":"https:\/\/boutique-cobalt.fr\/?page_id=36#primaryimage"},"image":{"@id":"https:\/\/boutique-cobalt.fr\/?page_id=36#primaryimage"},"thumbnailUrl":"https:\/\/boutique-cobalt.fr\/wp-content\/plugins\/elementor\/assets\/images\/placeholder.png","datePublished":"2025-08-14T13:09:04+00:00","dateModified":"2026-02-06T16:37:55+00:00","description":"Boutique d'accessoires de mode \u00e0 Lyon, d\u00e9couvrez sacs, maroquinerie, accessoires textiles cheveux, couleurs et bonne humeur au rendez-vous !","breadcrumb":{"@id":"https:\/\/boutique-cobalt.fr\/?page_id=36#breadcrumb"},"inLanguage":"fr-FR","potentialAction":[{"@type":"ReadAction","target":["https:\/\/boutique-cobalt.fr\/?page_id=36"]}]},{"@type":"ImageObject","inLanguage":"fr-FR","@id":"https:\/\/boutique-cobalt.fr\/?page_id=36#primaryimage","url":"https:\/\/boutique-cobalt.fr\/wp-content\/plugins\/elementor\/assets\/images\/placeholder.png","contentUrl":"https:\/\/boutique-cobalt.fr\/wp-content\/plugins\/elementor\/assets\/images\/placeholder.png"},{"@type":"BreadcrumbList","@id":"https:\/\/boutique-cobalt.fr\/?page_id=36#breadcrumb","itemListElement":[{"@type":"ListItem","position":1,"name":"Accueil","item":"https:\/\/boutique-cobalt.fr\/"},{"@type":"ListItem","position":2,"name":"Accessoires de mode"}]},{"@type":"WebSite","@id":"https:\/\/boutique-cobalt.fr\/#website","url":"https:\/\/boutique-cobalt.fr\/","name":"","description":"","potentialAction":[{"@type":"SearchAction","target":{"@type":"EntryPoint","urlTemplate":"https:\/\/boutique-cobalt.fr\/?s={search_term_string}"},"query-input":{"@type":"PropertyValueSpecification","valueRequired":true,"valueName":"search_term_string"}}],"inLanguage":"fr-FR"}]}},"_links":{"self":[{"href":"https:\/\/boutique-cobalt.fr\/index.php?rest_route=\/wp\/v2\/pages\/36","targetHints":{"allow":["GET"]}}],"collection":[{"href":"https:\/\/boutique-cobalt.fr\/index.php?rest_route=\/wp\/v2\/pages"}],"about":[{"href":"https:\/\/boutique-cobalt.fr\/index.php?rest_route=\/wp\/v2\/types\/page"}],"author":[{"embeddable":true,"href":"https:\/\/boutique-cobalt.fr\/index.php?rest_route=\/wp\/v2\/users\/1"}],"replies":[{"embeddable":true,"href":"https:\/\/boutique-cobalt.fr\/index.php?rest_route=%2Fwp%2Fv2%2Fcomments&post=36"}],"version-history":[{"count":13,"href":"https:\/\/boutique-cobalt.fr\/index.php?rest_route=\/wp\/v2\/pages\/36\/revisions"}],"predecessor-version":[{"id":210,"href":"https:\/\/boutique-cobalt.fr\/index.php?rest_route=\/wp\/v2\/pages\/36\/revisions\/210"}],"wp:attachment":[{"href":"https:\/\/boutique-cobalt.fr\/index.php?rest_route=%2Fwp%2Fv2%2Fmedia&parent=36"}],"curies":[{"name":"wp","href":"https:\/\/api.w.org\/{rel}","templated":true}]}}